{"id":2682,"date":"2024-03-17T20:20:15","date_gmt":"2024-03-17T20:20:15","guid":{"rendered":"https:\/\/nostalgicaerosaintyan.com\/?page_id=2682"},"modified":"2025-07-21T15:48:38","modified_gmt":"2025-07-21T15:48:38","slug":"inauguration-hangar-astier-02-06-2012","status":"publish","type":"page","link":"https:\/\/nostalgicaerosaintyan.com\/?page_id=2682","title":{"rendered":"Inauguration hangar Astier 02 06 2012"},"content":{"rendered":"\n<div class=\"wp-block-columns is-layout-flex wp-container-core-columns-is-layout-9d6595d7 wp-block-columns-is-layout-flex\">\n<div class=\"wp-block-column is-layout-flow wp-block-column-is-layout-flow\">\n<h3 class=\"wp-block-heading has-text-align-center has-black-color has-light-green-cyan-background-color has-text-color has-background has-link-color wp-elements-f9c521537a7dd5a4ccf45981f85b35e4\"><em><strong>Soir\u00e9e repas froid organis\u00e9e dans le hangar de NOSTALGIC AERO.<\/strong><\/em><\/h3>\n<\/div>\n<\/div>\n\n\n\n<div class=\"wp-block-columns is-layout-flex wp-container-core-columns-is-layout-9d6595d7 wp-block-columns-is-layout-flex\">\n<div class=\"wp-block-column is-layout-flow wp-block-column-is-layout-flow\">\n<figure data-wp-context=\"{&quot;imageId&quot;:&quot;69e5f00bcfc08&quot;}\" data-wp-interactive=\"core\/image\" data-wp-key=\"69e5f00bcfc08\" class=\"wp-block-image size-large wp-lightbox-container\"><img fetchpriority=\"high\" decoding=\"async\" width=\"1024\" height=\"580\" data-wp-class--hide=\"state.isContentHidden\" data-wp-class--show=\"state.isContentVisible\" data-wp-init=\"callbacks.setButtonStyles\" data-wp-on--click=\"actions.showLightbox\" data-wp-on--load=\"callbacks.setButtonStyles\" data-wp-on-window--resize=\"callbacks.setButtonStyles\" src=\"https:\/\/nostalgicaerosaintyan.com\/wp-content\/uploads\/2024\/03\/Inaugu-astier-01-1024x580.jpg\" alt=\"\" class=\"wp-image-2692\" srcset=\"https:\/\/nostalgicaerosaintyan.com\/wp-content\/uploads\/2024\/03\/Inaugu-astier-01-1024x580.jpg 1024w, https:\/\/nostalgicaerosaintyan.com\/wp-content\/uploads\/2024\/03\/Inaugu-astier-01-300x170.jpg 300w, https:\/\/nostalgicaerosaintyan.com\/wp-content\/uploads\/2024\/03\/Inaugu-astier-01-768x435.jpg 768w, https:\/\/nostalgicaerosaintyan.com\/wp-content\/uploads\/2024\/03\/Inaugu-astier-01-1536x870.jpg 1536w, https:\/\/nostalgicaerosaintyan.com\/wp-content\/uploads\/2024\/03\/Inaugu-astier-01.jpg 1747w\" sizes=\"(max-width: 1024px) 100vw, 1024px\" \/><button\n\t\t\tclass=\"lightbox-trigger\"\n\t\t\ttype=\"button\"\n\t\t\taria-haspopup=\"dialog\"\n\t\t\taria-label=\"Agrandir\"\n\t\t\tdata-wp-init=\"callbacks.initTriggerButton\"\n\t\t\tdata-wp-on--click=\"actions.showLightbox\"\n\t\t\tdata-wp-style--right=\"state.imageButtonRight\"\n\t\t\tdata-wp-style--top=\"state.imageButtonTop\"\n\t\t>\n\t\t\t<svg xmlns=\"http:\/\/www.w3.org\/2000\/svg\" width=\"12\" height=\"12\" fill=\"none\" viewBox=\"0 0 12 12\">\n\t\t\t\t<path fill=\"#fff\" d=\"M2 0a2 2 0 0 0-2 2v2h1.5V2a.5.5 0 0 1 .5-.5h2V0H2Zm2 10.5H2a.5.5 0 0 1-.5-.5V8H0v2a2 2 0 0 0 2 2h2v-1.5ZM8 12v-1.5h2a.5.5 0 0 0 .5-.5V8H12v2a2 2 0 0 1-2 2H8Zm2-12a2 2 0 0 1 2 2v2h-1.5V2a.5.5 0 0 0-.5-.5H8V0h2Z\" \/>\n\t\t\t<\/svg>\n\t\t<\/button><\/figure>\n<\/div>\n\n\n\n<div class=\"wp-block-column is-layout-flow wp-block-column-is-layout-flow\">\n<figure data-wp-context=\"{&quot;imageId&quot;:&quot;69e5f00bd0095&quot;}\" data-wp-interactive=\"core\/image\" data-wp-key=\"69e5f00bd0095\" class=\"wp-block-image size-large wp-lightbox-container\"><img decoding=\"async\" width=\"1024\" height=\"580\" data-wp-class--hide=\"state.isContentHidden\" data-wp-class--show=\"state.isContentVisible\" data-wp-init=\"callbacks.setButtonStyles\" data-wp-on--click=\"actions.showLightbox\" data-wp-on--load=\"callbacks.setButtonStyles\" data-wp-on-window--resize=\"callbacks.setButtonStyles\" src=\"https:\/\/nostalgicaerosaintyan.com\/wp-content\/uploads\/2024\/03\/Inaugu-astier-02-1024x580.jpg\" alt=\"\" class=\"wp-image-2693\" srcset=\"https:\/\/nostalgicaerosaintyan.com\/wp-content\/uploads\/2024\/03\/Inaugu-astier-02-1024x580.jpg 1024w, https:\/\/nostalgicaerosaintyan.com\/wp-content\/uploads\/2024\/03\/Inaugu-astier-02-300x170.jpg 300w, https:\/\/nostalgicaerosaintyan.com\/wp-content\/uploads\/2024\/03\/Inaugu-astier-02-768x435.jpg 768w, https:\/\/nostalgicaerosaintyan.com\/wp-content\/uploads\/2024\/03\/Inaugu-astier-02-1536x870.jpg 1536w, https:\/\/nostalgicaerosaintyan.com\/wp-content\/uploads\/2024\/03\/Inaugu-astier-02.jpg 1747w\" sizes=\"(max-width: 1024px) 100vw, 1024px\" \/><button\n\t\t\tclass=\"lightbox-trigger\"\n\t\t\ttype=\"button\"\n\t\t\taria-haspopup=\"dialog\"\n\t\t\taria-label=\"Agrandir\"\n\t\t\tdata-wp-init=\"callbacks.initTriggerButton\"\n\t\t\tdata-wp-on--click=\"actions.showLightbox\"\n\t\t\tdata-wp-style--right=\"state.imageButtonRight\"\n\t\t\tdata-wp-style--top=\"state.imageButtonTop\"\n\t\t>\n\t\t\t<svg xmlns=\"http:\/\/www.w3.org\/2000\/svg\" width=\"12\" height=\"12\" fill=\"none\" viewBox=\"0 0 12 12\">\n\t\t\t\t<path fill=\"#fff\" d=\"M2 0a2 2 0 0 0-2 2v2h1.5V2a.5.5 0 0 1 .5-.5h2V0H2Zm2 10.5H2a.5.5 0 0 1-.5-.5V8H0v2a2 2 0 0 0 2 2h2v-1.5ZM8 12v-1.5h2a.5.5 0 0 0 .5-.5V8H12v2a2 2 0 0 1-2 2H8Zm2-12a2 2 0 0 1 2 2v2h-1.5V2a.5.5 0 0 0-.5-.5H8V0h2Z\" \/>\n\t\t\t<\/svg>\n\t\t<\/button><\/figure>\n<\/div>\n<\/div>\n\n\n\n<div class=\"wp-block-columns is-layout-flex wp-container-core-columns-is-layout-9d6595d7 wp-block-columns-is-layout-flex\">\n<div class=\"wp-block-column is-layout-flow wp-block-column-is-layout-flow\">\n<figure data-wp-context=\"{&quot;imageId&quot;:&quot;69e5f00bd04cd&quot;}\" data-wp-interactive=\"core\/image\" data-wp-key=\"69e5f00bd04cd\" class=\"wp-block-image size-large wp-lightbox-container\"><img decoding=\"async\" width=\"1024\" height=\"580\" data-wp-class--hide=\"state.isContentHidden\" data-wp-class--show=\"state.isContentVisible\" data-wp-init=\"callbacks.setButtonStyles\" data-wp-on--click=\"actions.showLightbox\" data-wp-on--load=\"callbacks.setButtonStyles\" data-wp-on-window--resize=\"callbacks.setButtonStyles\" src=\"https:\/\/nostalgicaerosaintyan.com\/wp-content\/uploads\/2024\/03\/Inaugu-astier-03-1024x580.jpg\" alt=\"\" class=\"wp-image-2694\" srcset=\"https:\/\/nostalgicaerosaintyan.com\/wp-content\/uploads\/2024\/03\/Inaugu-astier-03-1024x580.jpg 1024w, https:\/\/nostalgicaerosaintyan.com\/wp-content\/uploads\/2024\/03\/Inaugu-astier-03-300x170.jpg 300w, https:\/\/nostalgicaerosaintyan.com\/wp-content\/uploads\/2024\/03\/Inaugu-astier-03-768x435.jpg 768w, https:\/\/nostalgicaerosaintyan.com\/wp-content\/uploads\/2024\/03\/Inaugu-astier-03-1536x870.jpg 1536w, https:\/\/nostalgicaerosaintyan.com\/wp-content\/uploads\/2024\/03\/Inaugu-astier-03.jpg 1747w\" sizes=\"(max-width: 1024px) 100vw, 1024px\" \/><button\n\t\t\tclass=\"lightbox-trigger\"\n\t\t\ttype=\"button\"\n\t\t\taria-haspopup=\"dialog\"\n\t\t\taria-label=\"Agrandir\"\n\t\t\tdata-wp-init=\"callbacks.initTriggerButton\"\n\t\t\tdata-wp-on--click=\"actions.showLightbox\"\n\t\t\tdata-wp-style--right=\"state.imageButtonRight\"\n\t\t\tdata-wp-style--top=\"state.imageButtonTop\"\n\t\t>\n\t\t\t<svg xmlns=\"http:\/\/www.w3.org\/2000\/svg\" width=\"12\" height=\"12\" fill=\"none\" viewBox=\"0 0 12 12\">\n\t\t\t\t<path fill=\"#fff\" d=\"M2 0a2 2 0 0 0-2 2v2h1.5V2a.5.5 0 0 1 .5-.5h2V0H2Zm2 10.5H2a.5.5 0 0 1-.5-.5V8H0v2a2 2 0 0 0 2 2h2v-1.5ZM8 12v-1.5h2a.5.5 0 0 0 .5-.5V8H12v2a2 2 0 0 1-2 2H8Zm2-12a2 2 0 0 1 2 2v2h-1.5V2a.5.5 0 0 0-.5-.5H8V0h2Z\" \/>\n\t\t\t<\/svg>\n\t\t<\/button><\/figure>\n<\/div>\n\n\n\n<div class=\"wp-block-column is-layout-flow wp-block-column-is-layout-flow\">\n<figure data-wp-context=\"{&quot;imageId&quot;:&quot;69e5f00bd08e5&quot;}\" data-wp-interactive=\"core\/image\" data-wp-key=\"69e5f00bd08e5\" class=\"wp-block-image size-large wp-lightbox-container\"><img loading=\"lazy\" decoding=\"async\" width=\"1024\" height=\"580\" data-wp-class--hide=\"state.isContentHidden\" data-wp-class--show=\"state.isContentVisible\" data-wp-init=\"callbacks.setButtonStyles\" data-wp-on--click=\"actions.showLightbox\" data-wp-on--load=\"callbacks.setButtonStyles\" data-wp-on-window--resize=\"callbacks.setButtonStyles\" src=\"https:\/\/nostalgicaerosaintyan.com\/wp-content\/uploads\/2024\/03\/Inaugu-astier-04-1024x580.jpg\" alt=\"\" class=\"wp-image-2695\" srcset=\"https:\/\/nostalgicaerosaintyan.com\/wp-content\/uploads\/2024\/03\/Inaugu-astier-04-1024x580.jpg 1024w, https:\/\/nostalgicaerosaintyan.com\/wp-content\/uploads\/2024\/03\/Inaugu-astier-04-300x170.jpg 300w, https:\/\/nostalgicaerosaintyan.com\/wp-content\/uploads\/2024\/03\/Inaugu-astier-04-768x435.jpg 768w, https:\/\/nostalgicaerosaintyan.com\/wp-content\/uploads\/2024\/03\/Inaugu-astier-04-1536x870.jpg 1536w, https:\/\/nostalgicaerosaintyan.com\/wp-content\/uploads\/2024\/03\/Inaugu-astier-04.jpg 1747w\" sizes=\"(max-width: 1024px) 100vw, 1024px\" \/><button\n\t\t\tclass=\"lightbox-trigger\"\n\t\t\ttype=\"button\"\n\t\t\taria-haspopup=\"dialog\"\n\t\t\taria-label=\"Agrandir\"\n\t\t\tdata-wp-init=\"callbacks.initTriggerButton\"\n\t\t\tdata-wp-on--click=\"actions.showLightbox\"\n\t\t\tdata-wp-style--right=\"state.imageButtonRight\"\n\t\t\tdata-wp-style--top=\"state.imageButtonTop\"\n\t\t>\n\t\t\t<svg xmlns=\"http:\/\/www.w3.org\/2000\/svg\" width=\"12\" height=\"12\" fill=\"none\" viewBox=\"0 0 12 12\">\n\t\t\t\t<path fill=\"#fff\" d=\"M2 0a2 2 0 0 0-2 2v2h1.5V2a.5.5 0 0 1 .5-.5h2V0H2Zm2 10.5H2a.5.5 0 0 1-.5-.5V8H0v2a2 2 0 0 0 2 2h2v-1.5ZM8 12v-1.5h2a.5.5 0 0 0 .5-.5V8H12v2a2 2 0 0 1-2 2H8Zm2-12a2 2 0 0 1 2 2v2h-1.5V2a.5.5 0 0 0-.5-.5H8V0h2Z\" \/>\n\t\t\t<\/svg>\n\t\t<\/button><\/figure>\n<\/div>\n<\/div>\n\n\n\n<div class=\"wp-block-columns is-layout-flex wp-container-core-columns-is-layout-9d6595d7 wp-block-columns-is-layout-flex\">\n<div class=\"wp-block-column is-layout-flow wp-block-column-is-layout-flow\">\n<figure data-wp-context=\"{&quot;imageId&quot;:&quot;69e5f00bd0d13&quot;}\" data-wp-interactive=\"core\/image\" data-wp-key=\"69e5f00bd0d13\" class=\"wp-block-image size-large wp-lightbox-container\"><img loading=\"lazy\" decoding=\"async\" width=\"1024\" height=\"580\" data-wp-class--hide=\"state.isContentHidden\" data-wp-class--show=\"state.isContentVisible\" data-wp-init=\"callbacks.setButtonStyles\" data-wp-on--click=\"actions.showLightbox\" data-wp-on--load=\"callbacks.setButtonStyles\" data-wp-on-window--resize=\"callbacks.setButtonStyles\" src=\"https:\/\/nostalgicaerosaintyan.com\/wp-content\/uploads\/2024\/03\/Inaugu-astier-05-1024x580.jpg\" alt=\"\" class=\"wp-image-2696\" srcset=\"https:\/\/nostalgicaerosaintyan.com\/wp-content\/uploads\/2024\/03\/Inaugu-astier-05-1024x580.jpg 1024w, https:\/\/nostalgicaerosaintyan.com\/wp-content\/uploads\/2024\/03\/Inaugu-astier-05-300x170.jpg 300w, https:\/\/nostalgicaerosaintyan.com\/wp-content\/uploads\/2024\/03\/Inaugu-astier-05-768x435.jpg 768w, https:\/\/nostalgicaerosaintyan.com\/wp-content\/uploads\/2024\/03\/Inaugu-astier-05-1536x870.jpg 1536w, https:\/\/nostalgicaerosaintyan.com\/wp-content\/uploads\/2024\/03\/Inaugu-astier-05.jpg 1747w\" sizes=\"(max-width: 1024px) 100vw, 1024px\" \/><button\n\t\t\tclass=\"lightbox-trigger\"\n\t\t\ttype=\"button\"\n\t\t\taria-haspopup=\"dialog\"\n\t\t\taria-label=\"Agrandir\"\n\t\t\tdata-wp-init=\"callbacks.initTriggerButton\"\n\t\t\tdata-wp-on--click=\"actions.showLightbox\"\n\t\t\tdata-wp-style--right=\"state.imageButtonRight\"\n\t\t\tdata-wp-style--top=\"state.imageButtonTop\"\n\t\t>\n\t\t\t<svg xmlns=\"http:\/\/www.w3.org\/2000\/svg\" width=\"12\" height=\"12\" fill=\"none\" viewBox=\"0 0 12 12\">\n\t\t\t\t<path fill=\"#fff\" d=\"M2 0a2 2 0 0 0-2 2v2h1.5V2a.5.5 0 0 1 .5-.5h2V0H2Zm2 10.5H2a.5.5 0 0 1-.5-.5V8H0v2a2 2 0 0 0 2 2h2v-1.5ZM8 12v-1.5h2a.5.5 0 0 0 .5-.5V8H12v2a2 2 0 0 1-2 2H8Zm2-12a2 2 0 0 1 2 2v2h-1.5V2a.5.5 0 0 0-.5-.5H8V0h2Z\" \/>\n\t\t\t<\/svg>\n\t\t<\/button><\/figure>\n<\/div>\n\n\n\n<div class=\"wp-block-column is-layout-flow wp-block-column-is-layout-flow\">\n<figure data-wp-context=\"{&quot;imageId&quot;:&quot;69e5f00bd113f&quot;}\" data-wp-interactive=\"core\/image\" data-wp-key=\"69e5f00bd113f\" class=\"wp-block-image size-large wp-lightbox-container\"><img loading=\"lazy\" decoding=\"async\" width=\"1024\" height=\"585\" data-wp-class--hide=\"state.isContentHidden\" data-wp-class--show=\"state.isContentVisible\" data-wp-init=\"callbacks.setButtonStyles\" data-wp-on--click=\"actions.showLightbox\" data-wp-on--load=\"callbacks.setButtonStyles\" data-wp-on-window--resize=\"callbacks.setButtonStyles\" src=\"https:\/\/nostalgicaerosaintyan.com\/wp-content\/uploads\/2024\/03\/Inaugu-astier-06-1024x585.jpg\" alt=\"\" class=\"wp-image-2697\" srcset=\"https:\/\/nostalgicaerosaintyan.com\/wp-content\/uploads\/2024\/03\/Inaugu-astier-06-1024x585.jpg 1024w, https:\/\/nostalgicaerosaintyan.com\/wp-content\/uploads\/2024\/03\/Inaugu-astier-06-300x171.jpg 300w, https:\/\/nostalgicaerosaintyan.com\/wp-content\/uploads\/2024\/03\/Inaugu-astier-06-768x439.jpg 768w, https:\/\/nostalgicaerosaintyan.com\/wp-content\/uploads\/2024\/03\/Inaugu-astier-06-1536x877.jpg 1536w, https:\/\/nostalgicaerosaintyan.com\/wp-content\/uploads\/2024\/03\/Inaugu-astier-06.jpg 1747w\" sizes=\"(max-width: 1024px) 100vw, 1024px\" \/><button\n\t\t\tclass=\"lightbox-trigger\"\n\t\t\ttype=\"button\"\n\t\t\taria-haspopup=\"dialog\"\n\t\t\taria-label=\"Agrandir\"\n\t\t\tdata-wp-init=\"callbacks.initTriggerButton\"\n\t\t\tdata-wp-on--click=\"actions.showLightbox\"\n\t\t\tdata-wp-style--right=\"state.imageButtonRight\"\n\t\t\tdata-wp-style--top=\"state.imageButtonTop\"\n\t\t>\n\t\t\t<svg xmlns=\"http:\/\/www.w3.org\/2000\/svg\" width=\"12\" height=\"12\" fill=\"none\" viewBox=\"0 0 12 12\">\n\t\t\t\t<path fill=\"#fff\" d=\"M2 0a2 2 0 0 0-2 2v2h1.5V2a.5.5 0 0 1 .5-.5h2V0H2Zm2 10.5H2a.5.5 0 0 1-.5-.5V8H0v2a2 2 0 0 0 2 2h2v-1.5ZM8 12v-1.5h2a.5.5 0 0 0 .5-.5V8H12v2a2 2 0 0 1-2 2H8Zm2-12a2 2 0 0 1 2 2v2h-1.5V2a.5.5 0 0 0-.5-.5H8V0h2Z\" \/>\n\t\t\t<\/svg>\n\t\t<\/button><\/figure>\n<\/div>\n<\/div>\n\n\n\n<div class=\"wp-block-columns is-layout-flex wp-container-core-columns-is-layout-9d6595d7 wp-block-columns-is-layout-flex\">\n<div class=\"wp-block-column is-layout-flow wp-block-column-is-layout-flow\">\n<figure data-wp-context=\"{&quot;imageId&quot;:&quot;69e5f00bd15ea&quot;}\" data-wp-interactive=\"core\/image\" data-wp-key=\"69e5f00bd15ea\" class=\"wp-block-image size-large wp-lightbox-container\"><img loading=\"lazy\" decoding=\"async\" width=\"1024\" height=\"580\" data-wp-class--hide=\"state.isContentHidden\" data-wp-class--show=\"state.isContentVisible\" data-wp-init=\"callbacks.setButtonStyles\" data-wp-on--click=\"actions.showLightbox\" data-wp-on--load=\"callbacks.setButtonStyles\" data-wp-on-window--resize=\"callbacks.setButtonStyles\" src=\"https:\/\/nostalgicaerosaintyan.com\/wp-content\/uploads\/2024\/03\/Inaugu-astier-07-1024x580.jpg\" alt=\"\" class=\"wp-image-2700\" srcset=\"https:\/\/nostalgicaerosaintyan.com\/wp-content\/uploads\/2024\/03\/Inaugu-astier-07-1024x580.jpg 1024w, https:\/\/nostalgicaerosaintyan.com\/wp-content\/uploads\/2024\/03\/Inaugu-astier-07-300x170.jpg 300w, https:\/\/nostalgicaerosaintyan.com\/wp-content\/uploads\/2024\/03\/Inaugu-astier-07-768x435.jpg 768w, https:\/\/nostalgicaerosaintyan.com\/wp-content\/uploads\/2024\/03\/Inaugu-astier-07-1536x870.jpg 1536w, https:\/\/nostalgicaerosaintyan.com\/wp-content\/uploads\/2024\/03\/Inaugu-astier-07.jpg 1747w\" sizes=\"(max-width: 1024px) 100vw, 1024px\" \/><button\n\t\t\tclass=\"lightbox-trigger\"\n\t\t\ttype=\"button\"\n\t\t\taria-haspopup=\"dialog\"\n\t\t\taria-label=\"Agrandir\"\n\t\t\tdata-wp-init=\"callbacks.initTriggerButton\"\n\t\t\tdata-wp-on--click=\"actions.showLightbox\"\n\t\t\tdata-wp-style--right=\"state.imageButtonRight\"\n\t\t\tdata-wp-style--top=\"state.imageButtonTop\"\n\t\t>\n\t\t\t<svg xmlns=\"http:\/\/www.w3.org\/2000\/svg\" width=\"12\" height=\"12\" fill=\"none\" viewBox=\"0 0 12 12\">\n\t\t\t\t<path fill=\"#fff\" d=\"M2 0a2 2 0 0 0-2 2v2h1.5V2a.5.5 0 0 1 .5-.5h2V0H2Zm2 10.5H2a.5.5 0 0 1-.5-.5V8H0v2a2 2 0 0 0 2 2h2v-1.5ZM8 12v-1.5h2a.5.5 0 0 0 .5-.5V8H12v2a2 2 0 0 1-2 2H8Zm2-12a2 2 0 0 1 2 2v2h-1.5V2a.5.5 0 0 0-.5-.5H8V0h2Z\" \/>\n\t\t\t<\/svg>\n\t\t<\/button><\/figure>\n<\/div>\n\n\n\n<div class=\"wp-block-column is-layout-flow wp-block-column-is-layout-flow\">\n<figure data-wp-context=\"{&quot;imageId&quot;:&quot;69e5f00bd19b5&quot;}\" data-wp-interactive=\"core\/image\" data-wp-key=\"69e5f00bd19b5\" class=\"wp-block-image size-large wp-lightbox-container\"><img loading=\"lazy\" decoding=\"async\" width=\"1024\" height=\"580\" data-wp-class--hide=\"state.isContentHidden\" data-wp-class--show=\"state.isContentVisible\" data-wp-init=\"callbacks.setButtonStyles\" data-wp-on--click=\"actions.showLightbox\" data-wp-on--load=\"callbacks.setButtonStyles\" data-wp-on-window--resize=\"callbacks.setButtonStyles\" src=\"https:\/\/nostalgicaerosaintyan.com\/wp-content\/uploads\/2024\/03\/Inaugu-astier-08-1024x580.jpg\" alt=\"\" class=\"wp-image-2701\" srcset=\"https:\/\/nostalgicaerosaintyan.com\/wp-content\/uploads\/2024\/03\/Inaugu-astier-08-1024x580.jpg 1024w, https:\/\/nostalgicaerosaintyan.com\/wp-content\/uploads\/2024\/03\/Inaugu-astier-08-300x170.jpg 300w, https:\/\/nostalgicaerosaintyan.com\/wp-content\/uploads\/2024\/03\/Inaugu-astier-08-768x435.jpg 768w, https:\/\/nostalgicaerosaintyan.com\/wp-content\/uploads\/2024\/03\/Inaugu-astier-08-1536x870.jpg 1536w, https:\/\/nostalgicaerosaintyan.com\/wp-content\/uploads\/2024\/03\/Inaugu-astier-08.jpg 1747w\" sizes=\"(max-width: 1024px) 100vw, 1024px\" \/><button\n\t\t\tclass=\"lightbox-trigger\"\n\t\t\ttype=\"button\"\n\t\t\taria-haspopup=\"dialog\"\n\t\t\taria-label=\"Agrandir\"\n\t\t\tdata-wp-init=\"callbacks.initTriggerButton\"\n\t\t\tdata-wp-on--click=\"actions.showLightbox\"\n\t\t\tdata-wp-style--right=\"state.imageButtonRight\"\n\t\t\tdata-wp-style--top=\"state.imageButtonTop\"\n\t\t>\n\t\t\t<svg xmlns=\"http:\/\/www.w3.org\/2000\/svg\" width=\"12\" height=\"12\" fill=\"none\" viewBox=\"0 0 12 12\">\n\t\t\t\t<path fill=\"#fff\" d=\"M2 0a2 2 0 0 0-2 2v2h1.5V2a.5.5 0 0 1 .5-.5h2V0H2Zm2 10.5H2a.5.5 0 0 1-.5-.5V8H0v2a2 2 0 0 0 2 2h2v-1.5ZM8 12v-1.5h2a.5.5 0 0 0 .5-.5V8H12v2a2 2 0 0 1-2 2H8Zm2-12a2 2 0 0 1 2 2v2h-1.5V2a.5.5 0 0 0-.5-.5H8V0h2Z\" \/>\n\t\t\t<\/svg>\n\t\t<\/button><\/figure>\n<\/div>\n<\/div>\n\n\n\n<div class=\"wp-block-columns is-layout-flex wp-container-core-columns-is-layout-9d6595d7 wp-block-columns-is-layout-flex\">\n<div class=\"wp-block-column is-layout-flow wp-block-column-is-layout-flow\">\n<figure data-wp-context=\"{&quot;imageId&quot;:&quot;69e5f00bd20ab&quot;}\" data-wp-interactive=\"core\/image\" data-wp-key=\"69e5f00bd20ab\" class=\"wp-block-image size-large wp-lightbox-container\"><img loading=\"lazy\" decoding=\"async\" width=\"1024\" height=\"580\" data-wp-class--hide=\"state.isContentHidden\" data-wp-class--show=\"state.isContentVisible\" data-wp-init=\"callbacks.setButtonStyles\" data-wp-on--click=\"actions.showLightbox\" data-wp-on--load=\"callbacks.setButtonStyles\" data-wp-on-window--resize=\"callbacks.setButtonStyles\" src=\"https:\/\/nostalgicaerosaintyan.com\/wp-content\/uploads\/2024\/03\/Inaugu-astier-09-1024x580.jpg\" alt=\"\" class=\"wp-image-2702\" srcset=\"https:\/\/nostalgicaerosaintyan.com\/wp-content\/uploads\/2024\/03\/Inaugu-astier-09-1024x580.jpg 1024w, https:\/\/nostalgicaerosaintyan.com\/wp-content\/uploads\/2024\/03\/Inaugu-astier-09-300x170.jpg 300w, https:\/\/nostalgicaerosaintyan.com\/wp-content\/uploads\/2024\/03\/Inaugu-astier-09-768x435.jpg 768w, https:\/\/nostalgicaerosaintyan.com\/wp-content\/uploads\/2024\/03\/Inaugu-astier-09-1536x870.jpg 1536w, https:\/\/nostalgicaerosaintyan.com\/wp-content\/uploads\/2024\/03\/Inaugu-astier-09.jpg 1747w\" sizes=\"(max-width: 1024px) 100vw, 1024px\" \/><button\n\t\t\tclass=\"lightbox-trigger\"\n\t\t\ttype=\"button\"\n\t\t\taria-haspopup=\"dialog\"\n\t\t\taria-label=\"Agrandir\"\n\t\t\tdata-wp-init=\"callbacks.initTriggerButton\"\n\t\t\tdata-wp-on--click=\"actions.showLightbox\"\n\t\t\tdata-wp-style--right=\"state.imageButtonRight\"\n\t\t\tdata-wp-style--top=\"state.imageButtonTop\"\n\t\t>\n\t\t\t<svg xmlns=\"http:\/\/www.w3.org\/2000\/svg\" width=\"12\" height=\"12\" fill=\"none\" viewBox=\"0 0 12 12\">\n\t\t\t\t<path fill=\"#fff\" d=\"M2 0a2 2 0 0 0-2 2v2h1.5V2a.5.5 0 0 1 .5-.5h2V0H2Zm2 10.5H2a.5.5 0 0 1-.5-.5V8H0v2a2 2 0 0 0 2 2h2v-1.5ZM8 12v-1.5h2a.5.5 0 0 0 .5-.5V8H12v2a2 2 0 0 1-2 2H8Zm2-12a2 2 0 0 1 2 2v2h-1.5V2a.5.5 0 0 0-.5-.5H8V0h2Z\" \/>\n\t\t\t<\/svg>\n\t\t<\/button><\/figure>\n<\/div>\n\n\n\n<div class=\"wp-block-column is-layout-flow wp-block-column-is-layout-flow\"><\/div>\n<\/div>\n\n\n<p>&nbsp;<\/p>\n<h1 style=\"text-align: center;\"><strong><em>Retour \u00e0 la page :<\/em><a href=\"https:\/\/nostalgicaerosaintyan.com\/\">2012<\/a><\/strong><\/h1>\n<p>&nbsp;<\/p>","protected":false},"excerpt":{"rendered":"<p>Soir\u00e9e repas froid organis\u00e9e dans le hangar de NOSTALGIC AERO. &nbsp; Retour \u00e0 la page :2012 &nbsp;<\/p>\n","protected":false},"author":1,"featured_media":0,"parent":0,"menu_order":0,"comment_status":"closed","ping_status":"closed","template":"","meta":{"footnotes":""},"class_list":["post-2682","page","type-page","status-publish","hentry"],"_links":{"self":[{"href":"https:\/\/nostalgicaerosaintyan.com\/index.php?rest_route=\/wp\/v2\/pages\/2682","targetHints":{"allow":["GET"]}}],"collection":[{"href":"https:\/\/nostalgicaerosaintyan.com\/index.php?rest_route=\/wp\/v2\/pages"}],"about":[{"href":"https:\/\/nostalgicaerosaintyan.com\/index.php?rest_route=\/wp\/v2\/types\/page"}],"author":[{"embeddable":true,"href":"https:\/\/nostalgicaerosaintyan.com\/index.php?rest_route=\/wp\/v2\/users\/1"}],"replies":[{"embeddable":true,"href":"https:\/\/nostalgicaerosaintyan.com\/index.php?rest_route=%2Fwp%2Fv2%2Fcomments&post=2682"}],"version-history":[{"count":9,"href":"https:\/\/nostalgicaerosaintyan.com\/index.php?rest_route=\/wp\/v2\/pages\/2682\/revisions"}],"predecessor-version":[{"id":3316,"href":"https:\/\/nostalgicaerosaintyan.com\/index.php?rest_route=\/wp\/v2\/pages\/2682\/revisions\/3316"}],"wp:attachment":[{"href":"https:\/\/nostalgicaerosaintyan.com\/index.php?rest_route=%2Fwp%2Fv2%2Fmedia&parent=2682"}],"curies":[{"name":"wp","href":"https:\/\/api.w.org\/{rel}","templated":true}]}}