{"id":170,"date":"2022-12-07T20:26:21","date_gmt":"2022-12-07T20:26:21","guid":{"rendered":"https:\/\/nostalgicaerosaintyan.com\/?page_id=170"},"modified":"2025-07-21T19:05:08","modified_gmt":"2025-07-21T19:05:08","slug":"ex-armee-de-lair-et-de-lespace","status":"publish","type":"page","link":"https:\/\/nostalgicaerosaintyan.com\/?page_id=170","title":{"rendered":"ex Arm\u00e9e de l&rsquo;Air et de l&rsquo;Espace_"},"content":{"rendered":"<h2><\/h2>\n<h2><a href=\"https:\/\/nostalgicaerosaintyan.com\/fouga-magister-n206\/\"><em>Fouga Magister n\u00b0206<\/em><\/a><\/h2>\n<p>&nbsp;<\/p>\n<h2><a href=\"https:\/\/nostalgicaerosaintyan.com\/fouga-magister-n429\/\"><em>Fouga Magister n\u00b0429<\/em><\/a><\/h2>\n<p>&nbsp;<\/p>\n<h2><a href=\"https:\/\/nostalgicaerosaintyan.com\/jaguar-biplace-e30-_-7-pk\/\"><em>Jaguar biplace E 30 _ 7 PK<\/em><\/a><\/h2>\n<p>&nbsp;<\/p>\n<h2><a href=\"https:\/\/nostalgicaerosaintyan.com\/max-holste-mh-1521-broussard-n187-_-f-azqn\/\"><em>Max Holste MH 1521 Broussard\u00a0n\u00b0 187 _ F-AZQN<\/em><\/a><\/h2>\n<p>&nbsp;<\/p>\n<h2><a href=\"https:\/\/nostalgicaerosaintyan.com\/mirage-iii-r\/\"><em>Mirage III R (r\u00e9assemblage des \u00e9l\u00e9ments)<\/em><\/a><\/h2>\n<p>&nbsp;<\/p>\n<p>&nbsp;<\/p>\n<p>&nbsp;<\/p>\n<p>&nbsp;<\/p>\n<p>&nbsp;<\/p>\n<p>&nbsp;<\/p>\n<header><time class=\"posted-on published\" datetime=\"2023-06-15\"><\/time><\/header>\n<div class=\"entry-content\">\n<div class=\"wp-block-columns is-layout-flex wp-container-core-columns-is-layout-9d6595d7 wp-block-columns-is-layout-flex\">\n<div class=\"wp-block-column is-layout-flow wp-block-column-is-layout-flow\"><\/div>\n<\/div>\n<div class=\"wp-block-columns is-layout-flex wp-container-core-columns-is-layout-9d6595d7 wp-block-columns-is-layout-flex\">\n<div class=\"wp-block-column is-layout-flow wp-block-column-is-layout-flow\"><\/div>\n<\/div>\n<\/div>\n<p>&nbsp;<\/p>\n<h2 style=\"text-align: center;\"><strong><em>Retour \u00e0 la page :\u00a0<a href=\"https:\/\/nostalgicaerosaintyan.com\/\">NOSTALGIC AERO<\/a><\/em><\/strong><\/h2>\n<p>&nbsp;<\/p>\n<p>&nbsp;<\/p>\n<p>&nbsp;<\/p>\n","protected":false},"excerpt":{"rendered":"<p>Fouga Magister n\u00b0206 &nbsp; Fouga Magister n\u00b0429 &nbsp; Jaguar biplace E 30 _ 7 PK &nbsp; Max Holste MH 1521&hellip;<\/p>\n","protected":false},"author":1,"featured_media":0,"parent":0,"menu_order":0,"comment_status":"closed","ping_status":"closed","template":"","meta":{"footnotes":""},"class_list":["post-170","page","type-page","status-publish","hentry"],"_links":{"self":[{"href":"https:\/\/nostalgicaerosaintyan.com\/index.php?rest_route=\/wp\/v2\/pages\/170","targetHints":{"allow":["GET"]}}],"collection":[{"href":"https:\/\/nostalgicaerosaintyan.com\/index.php?rest_route=\/wp\/v2\/pages"}],"about":[{"href":"https:\/\/nostalgicaerosaintyan.com\/index.php?rest_route=\/wp\/v2\/types\/page"}],"author":[{"embeddable":true,"href":"https:\/\/nostalgicaerosaintyan.com\/index.php?rest_route=\/wp\/v2\/users\/1"}],"replies":[{"embeddable":true,"href":"https:\/\/nostalgicaerosaintyan.com\/index.php?rest_route=%2Fwp%2Fv2%2Fcomments&post=170"}],"version-history":[{"count":30,"href":"https:\/\/nostalgicaerosaintyan.com\/index.php?rest_route=\/wp\/v2\/pages\/170\/revisions"}],"predecessor-version":[{"id":3335,"href":"https:\/\/nostalgicaerosaintyan.com\/index.php?rest_route=\/wp\/v2\/pages\/170\/revisions\/3335"}],"wp:attachment":[{"href":"https:\/\/nostalgicaerosaintyan.com\/index.php?rest_route=%2Fwp%2Fv2%2Fmedia&parent=170"}],"curies":[{"name":"wp","href":"https:\/\/api.w.org\/{rel}","templated":true}]}}